{"id":79,"date":"2023-08-03T09:37:07","date_gmt":"2023-08-03T07:37:07","guid":{"rendered":"http:\/\/tecnosail.fr\/?page_id=79"},"modified":"2023-08-03T09:37:07","modified_gmt":"2023-08-03T07:37:07","slug":"mentions-legales","status":"publish","type":"page","link":"https:\/\/tecnosail.fr\/index.php\/mentions-legales\/","title":{"rendered":"Mentions l\u00e9gales"},"content":{"rendered":"\n<h2 class=\"wp-block-heading\">PROPRI\u00c9T\u00c9 et R\u00c9ALISATION<\/h2>\n\n\n\n<p>Site r\u00e9alis\u00e9 par TECNOROPE<br>8 rue Alphonse RIO &#8211; 56100 Lorient &#8211; France<br>T\u00e9l. +33 (0) 2 97 37 27 77<br>SIRET 858 500 184 00057 &#8211; RCS LORIENT &#8211; CODE APE: 4669C<br>Responsable de la publication : Olivier LAURAIN, Directeur G\u00e9n\u00e9ral<\/p>\n\n\n\n<h2 class=\"wp-block-heading\">H\u00c9BERGEMENT<\/h2>\n\n\n\n<p>Site h\u00e9berg\u00e9 en France par OVH<br>SAS au capital de 10 174 560 \u20ac<br>RCS Lille M\u00e9tropole 424 761 419 00045<br>Code APE 2620Z<br>N\u00b0 TVA : FR 22 424 761 419<br>Si\u00e8ge social : 2 rue Kellermann &#8211; 59100 Roubaix &#8211; France<\/p>\n\n\n\n<p>Pr\u00e9sident : Michel Paulin<br>OVH SAS est une filiale de la soci\u00e9t\u00e9 OVH Groupe SA, soci\u00e9t\u00e9 immatricul\u00e9e au RCS de Lille sous le num\u00e9ro 537 407 926 sise 2, rue Kellermann, 59100 Roubaix.<\/p>\n","protected":false},"excerpt":{"rendered":"<p>PROPRI\u00c9T\u00c9 et R\u00c9ALISATION Site r\u00e9alis\u00e9 par TECNOROPE8 rue Alphonse RIO &#8211; 56100 Lorient &#8211; FranceT\u00e9l. +33 (0) 2 97 37 27 77SIRET 858 500 184 00057 &#8211; RCS LORIENT &#8211; CODE APE: 4669CResponsable de la publication : Olivier LAURAIN, Directeur G\u00e9n\u00e9ral H\u00c9BERGEMENT Site h\u00e9berg\u00e9 en France par OVHSAS au capital de 10 174 560 \u20acRCS [&hellip;]<\/p>\n","protected":false},"author":5,"featured_media":0,"parent":0,"menu_order":0,"comment_status":"closed","ping_status":"closed","template":"","meta":{"_uag_custom_page_level_css":"","site-sidebar-layout":"default","site-content-layout":"","ast-site-content-layout":"","site-content-style":"default","site-sidebar-style":"default","ast-global-header-display":"","ast-banner-title-visibility":"","ast-main-header-display":"","ast-hfb-above-header-display":"","ast-hfb-below-header-display":"","ast-hfb-mobile-header-display":"","site-post-title":"","ast-breadcrumbs-content":"","ast-featured-img":"","footer-sml-layout":"","theme-transparent-header-meta":"","adv-header-id-meta":"","stick-header-meta":"","header-above-stick-meta":"","header-main-stick-meta":"","header-below-stick-meta":"","astra-migrate-meta-layouts":"default","ast-page-background-enabled":"default","ast-page-background-meta":{"desktop":{"background-color":"var(--ast-global-color-4)","background-image":"","background-repeat":"repeat","background-position":"center center","background-size":"auto","background-attachment":"scroll","background-type":"","background-media":"","overlay-type":"","overlay-color":"","overlay-opacity":"","overlay-gradient":""},"tablet":{"background-color":"","background-image":"","background-repeat":"repeat","background-position":"center center","background-size":"auto","background-attachment":"scroll","background-type":"","background-media":"","overlay-type":"","overlay-color":"","overlay-opacity":"","overlay-gradient":""},"mobile":{"background-color":"","background-image":"","background-repeat":"repeat","background-position":"center center","background-size":"auto","background-attachment":"scroll","background-type":"","background-media":"","overlay-type":"","overlay-color":"","overlay-opacity":"","overlay-gradient":""}},"ast-content-background-meta":{"desktop":{"background-color":"var(--ast-global-color-5)","background-image":"","background-repeat":"repeat","background-position":"center center","background-size":"auto","background-attachment":"scroll","background-type":"","background-media":"","overlay-type":"","overlay-color":"","overlay-opacity":"","overlay-gradient":""},"tablet":{"background-color":"var(--ast-global-color-5)","background-image":"","background-repeat":"repeat","background-position":"center center","background-size":"auto","background-attachment":"scroll","background-type":"","background-media":"","overlay-type":"","overlay-color":"","overlay-opacity":"","overlay-gradient":""},"mobile":{"background-color":"var(--ast-global-color-5)","background-image":"","background-repeat":"repeat","background-position":"center center","background-size":"auto","background-attachment":"scroll","background-type":"","background-media":"","overlay-type":"","overlay-color":"","overlay-opacity":"","overlay-gradient":""}},"iawp_total_views":23,"footnotes":""},"class_list":["post-79","page","type-page","status-publish","hentry"],"uagb_featured_image_src":{"full":false,"thumbnail":false,"medium":false,"medium_large":false,"large":false,"1536x1536":false,"2048x2048":false},"uagb_author_info":{"display_name":"Eug\u00e8ne L\u00e9v\u00eaque","author_link":"https:\/\/tecnosail.fr\/index.php\/author\/eugene\/"},"uagb_comment_info":0,"uagb_excerpt":"PROPRI\u00c9T\u00c9 et R\u00c9ALISATION Site r\u00e9alis\u00e9 par TECNOROPE8 rue Alphonse RIO &#8211; 56100 Lorient &#8211; FranceT\u00e9l. +33 (0) 2 97 37 27 77SIRET 858 500 184 00057 &#8211; RCS LORIENT &#8211; CODE APE: 4669CResponsable de la publication : Olivier LAURAIN, Directeur G\u00e9n\u00e9ral H\u00c9BERGEMENT Site h\u00e9berg\u00e9 en France par OVHSAS au capital de 10 174 560 \u20acRCS\u2026","_links":{"self":[{"href":"https:\/\/tecnosail.fr\/index.php\/wp-json\/wp\/v2\/pages\/79","targetHints":{"allow":["GET"]}}],"collection":[{"href":"https:\/\/tecnosail.fr\/index.php\/wp-json\/wp\/v2\/pages"}],"about":[{"href":"https:\/\/tecnosail.fr\/index.php\/wp-json\/wp\/v2\/types\/page"}],"author":[{"embeddable":true,"href":"https:\/\/tecnosail.fr\/index.php\/wp-json\/wp\/v2\/users\/5"}],"replies":[{"embeddable":true,"href":"https:\/\/tecnosail.fr\/index.php\/wp-json\/wp\/v2\/comments?post=79"}],"version-history":[{"count":1,"href":"https:\/\/tecnosail.fr\/index.php\/wp-json\/wp\/v2\/pages\/79\/revisions"}],"predecessor-version":[{"id":80,"href":"https:\/\/tecnosail.fr\/index.php\/wp-json\/wp\/v2\/pages\/79\/revisions\/80"}],"wp:attachment":[{"href":"https:\/\/tecnosail.fr\/index.php\/wp-json\/wp\/v2\/media?parent=79"}],"curies":[{"name":"wp","href":"https:\/\/api.w.org\/{rel}","templated":true}]}}